 is the units digit of g?
2
Let s(q) = 6089*q + 287. What is the hundreds digit of s(1)?
3
Let h = 42 + -3. Suppose -3*r - 45 = g, 2*r + 0*r + 86 = -2*g. Let f = h - g. What is the tens digit of f?
8
Let b be (-22)/(-6) + (-1)/(-9)*3. Suppose n - 299 = -2*l + 82, 1488 = 4*n - b*l. What is the hundreds digit of n?
3
Let g(y) = -4*y + 40. Suppose -z - z = -5*o - 25, 5*o = 5*z - 55. Let q be g(z). Suppose 23*u - 19*u - 104 = q. What is the units digit of u?
6
What is the ten thousands digit of (-15)/6*1*(-20903 - -99)?
5
Suppose 41658 = -38*v + 42*v + 2*d, 3*d - 52074 = -5*v. What is the ten thousands digit of v?
1
Suppose 0 = -22*f + 7*f + 1080. What is the units digit of 6*(-7)/((-28)/f)?
8
Let d(y) = -5391*y + 444. What is the units digit of d(-2)?
6
Let f(a) = 3*a**2 + 9*a - 3. Suppose 14*v + 255 = -v. Let d = v - -13. What is the units digit of f(d)?
9
Suppose 300*r - 295*r = -30, 5*r = 5*m - 133955. What is the tens digit of m?
8
Let o = 94 + -72. Suppose 0 = -5*g - 3*l - 2*l + 30, -o = -g - 5*l. Suppose -4*a = -x - 418, -g*a - 2*a + 424 = -4*x. What is the hundreds digit of a?
1
Let t be (-2224)/3*(-18)/12. Suppose -t = -3*m + b, 5*m = m + 4*b + 1472. What is the hundreds digit of m?
3
Suppose -11*r - 2484 = -2*r. Let k = 644 + r. What is the units digit of k?
8
Suppose 2*a - 4 = 0, -a + 16497 = -2*q + 46685. What is the thousands digit of q?
5
Let g be -15 - -16 - ((-1)/1 - -2). Suppose g = -3*j + 8 + 37. What is the units digit of ((-234)/j)/(6/(-15))?
9
What is the hundreds digit of (3 - (3 - -4)) + (-1234960)/(-43)?
7
Let y = -46 + 38. Let i be -103*(18/y + (-1)/(-4)). Suppose -18 + i = 4*j. What is the units digit of j?
7
Let n(v) = -v**3 - 4*v**2 + 4*v + 10. Suppose 29*q = 32*q + 24. Let h be n(q). Suppose 4*g - h - 34 = 0. What is the tens digit of g?
6
Let n(b) = -4*b + 35. Let i be n(11). Let k(s) = -s**2 - 8*s + 12. Let h be k(i). Suppose -v - 3*o + o = -97, h*o = 15. What is the units digit of v?
7
What is the thousands digit of (-50)/(-275)*136631 + -3 + 1?
4
Suppose 5*w + 27492 = 4*q, -5*w - 34365 = -4*q - q. What is the tens digit of q?
7
Suppose 10*x - 12*x + 5*q + 1761 = 0, -2*q = -x + 879. Suppose -t - 2*t + 582 = 2*o, 0 = 3*o + 3*t - x. What is the units digit of o?
1
Let q(w) = 5*w**3 + 9*w**2 - 182*w - 137. What is the hundreds digit of q(15)?
0
Let y(f) = 74*f**3 + 2*f**2 - 4*f - 6. Let r be y(3). Let w = r - 744. What is the hundreds digit of w?
2
Let j = -983 + 991. What is the units digit of 7688/(-2)*((-36)/9)/j?
2
Suppose -b = 6*b - b. Suppose b = -2*s + 231 + 25. What is the units digit of s?
8
Suppose 2*g - 16 = -28. Let i be (0/3)/1 - (g - -3). Suppose 0 = v - 3*v + q + 207, -i*v + 310 = -q. What is the units digit of v?
3
Let b(i) = -5*i + i**2 - 6*i + 15*i - 5*i + 15. Let u(w) = -w - 1. Let v be u(4). What is the tens digit of b(v)?
4
Let k = 34706 + -24366. What is the units digit of k?
0
Let z = -8765 - -12822. What is the hundreds digit of z?
0
Let m be -11*30/(30/(-5)). Let o = 142 - m. What is the units digit of o?
7
Suppose 25*l + 280 = 33*l. Suppose 39*p = l*p + 1496. What is the tens digit of p?
7
Let y = -17 + 8. Suppose -a - 8 = o - 10, a - 2 = -4*o. What is the tens digit of (-699)/y + ((-12)/18 - o)?
7
Let k(q) = q**3 - 13*q**2 + 12*q + 11. Let d be 15/(-1)*(13 - 14). Let w be ((-20)/d)/(-1 + (-24)/(-27)). What is the tens digit of k(w)?
1
Let o = -532 - -338. Suppose 1453 = 5*h + 2*k, 4*h + 2*k = -0*k + 1162. Let c = h + o. What is the units digit of c?
7
Let t(r) = r**3 + 5*r**2 - 9*r - 5. Let x be t(-5). Suppose -2*k - 2*k = 3*i - x, 3*k + 5*i = 30. Let p(v) = -v**2 + 9*v + 18. What is the units digit of p(k)?
8
Let r = -890 - -3578. Suppose -r = -6*l - 396. What is the units digit of l?
2
Suppose -3*c - 430 + 88 = 0. Let i = -9 - c. What is the tens digit of i?
0
Suppose -123834 - 21723 = -9*y. Suppose -17*l + y = 10*l. What is the tens digit of l?
9
Let v be (-1 + -4)*(-3)/3. Suppose -b + 901 = 2*r, 1646 = v*r + 3*b - 609. What is the units digit of r?
8
Suppose 0 = 5*y - 147 + 212. Let f(z) = 2*z**2 - 13*z + 27. What is the hundreds digit of f(y)?
5
Suppose q = 5*o + 11, 5*o = -4*q + 13 + 6. Suppose 2*d = -q, -5*l + 2*d = -1474 - 1597. What is the units digit of l?
3
Suppose -2*c + 3 + 5 = 0. Let f(i) = -i**2 - 21*i - 87. Let t be f(-6). Suppose -c*u = t*l - 2*u - 118, u = -5*l + 185. What is the tens digit of l?
3
Suppose 0 = 4*l - 8*l - 192. Let p be (-8)/44 - l/22. What is the tens digit of -2 - (-79 + (p - 5))?
8
Let o = -35 + 37. Suppose -o*x + 40 = 5*m, 4 = 8*m - 7*m. What is the units digit of x/(-75) - (-2702)/15?
0
Suppose -5*w - j + 128 = 0, -4*j + 82 = 5*w - 55. Suppose 14*s - s = 39. Suppose 0 = 2*p - o - s*o - 10, -5*p + 2*o + w = 0. What is the units digit of p?
5
Suppose c = -3*x + 1009, -9*x = -11*x + 5*c + 667. Let g = 1229 - x. What is the units digit of g?
3
Let q = 154 + -151. Let u = 305 + q. What is the tens digit of u?
0
Suppose 26*g - 7 = 67 + 30. Suppose 0 = -0*x - 3*x + 4*l - 11, -5*x = 2*l - 25. Suppose -x*w + 53 = -g. What is the units digit of w?
9
Suppose -23 = 3*n + d, -3*n + 3*d = -0 + 3. What is the units digit of -1 - (n - -10 - 28)?
3
Suppose -3*a - 2*u - 153 = 1121, -2*a + u = 854. Let z = 769 + a. What is the units digit of z?
3
Let r(x) = -4*x**3 - x**2 - x. Let o be r(-1). Let g(u) = 50*u**2 + 12*u - 7. What is the units digit of g(o)?
1
Let h(q) be the second derivative of 2*q**4/3 - q**3/2 - 3*q**2/2 - 148*q. What is the units digit of h(-6)?
3
Let a = 759 + -349. Suppose -m + 3*v + 238 = 0, -2*v + 6*v + 478 = 2*m. Let u = a - m. What is the hundreds digit of u?
1
Let l(c) = -3*c - 1. Let r be l(-2). Suppose -5 = -n, 4*m + 20*n - 161 = 15*n. Suppose -r*t + 69 = m. What is the units digit of t?
7
Let u(p) = 18 - 119*p + 7*p**2 + 52*p + 58*p. Let s be u(-8). Suppose 13*y - 1968 = -s. What is the tens digit of y?
1
Suppose 54484 = 4*z + 5*q, z + 5*q - 16652 + 3016 = 0. What is the hundreds digit of z?
6
Let b = 82747 + -24266. What is the thousands digit of b?
8
Let u be 18/225 + (-1100469)/(-75). Suppose -u = -20*z - 4013. What is the units digit of z?
3
Suppose 123291 = 19*u + 19494. What is the hundreds digit of u?
4
Suppose -7*q + 843 - 255 = 0. Let z = -344 - -876. Suppose 0 = 11*x - q - z. What is the units digit of x?
6
Let d be (-27)/(-63) + (-5981)/7. Let k = -450 - d. What is the units digit of k?
4
Let m = 56799 - 27630. What is the hundreds digit of m?
1
Let j(n) = -n**2 + 10*n + 14. Let t be j(11). What is the units digit of (t*(-3)/15)/((-1)/85)?
1
Let z(f) = 20*f**2 - 61*f - 949. What is the hundreds digit of z(-13)?
2
Let j = -29 + 46. Suppose -j = 3*u - f - 0*f, 4 = 2*f. What is the units digit of ((-16)/u)/(16/40)?
8
Let z(i) = -5*i + 92. Let m be z(18). What is the units digit of (-1)/(-1)*(480 + (9 - m))?
7
Let o = -453 + 450. What is the units digit of o/5*1220/(-4)?
3
Let u be 45/(-105) - 106/14. What is the units digit of 847*6/24 - 2/u?
2
Let t(g) = 14*g**2 + 6*g + 19. Let q be t(-5). Let j = q + 70. What is the hundreds digit of j?
4
Suppose 0 = 8*c - 35 + 4027. Let w = -274 - c. What is the tens digit of w?
2
Suppose -2*s - 5*u = 3*s - 60, 3*u = s - 24. Suppose -2*x + 282 = 4*v, s*v = x + 13*v - 153. What is the tens digit of x?
4
Suppose 8*v = -7*v - 46239 + 150879. What is the tens digit of v?
7
What is the tens digit of (-35127)/(-6) - ((-65 - -59) + (-22)/(-4))?
5
Let i(f) be the first derivative of -f**2/2 + 19*f - 5. Let p be i(14). Suppose 0 = 4*r - 21 + p. What is the units digit of r?
4
Suppose z - 346 - 334 = 0. What is the hundreds digit of z/3 + 1/3?
2
Suppose s + 4*i = -45, 0 = s + s - 2*i + 120. Let c be 1/3 + (-20102)/s. Suppose 5*y = 1053 - c. What is the tens digit of y?
4
Suppose -309*a + 5366 = -307*a. Suppose a - 1033 = 5*z. What is the hundreds digit of z?
3
Let w be (-30)/(-6) + (1 + -2)/1. Suppose -w*i - 17 = b + 1, i = -3*b + 1. Let m(l) = -13*l + 45. What is the tens digit of m(i)?
1
Suppose 27 = 60*c - 51*c. Let j be 2 - 3/((-9)/(-6)). Suppose 5*p - u - 453 = -j*u, 0 = p - c*u - 99. What is the tens digit of p?
9
Let v(f) = -54*f**3 + 5*f**2 + 28*f - 10. What is the thousands digit of v(-5)?
6
Let x = -129 - -132. Suppose -5*h + 14*v - 10*v = -1260, -4*v = x*h - 788. What is the tens digit of h?
5
